- 10. What is the tens digit of w?
1
Let f(c) = c**2 + 10*c - 10. What is the tens digit of f(8)?
3
Let z(j) = 2*j**2 - 2*j - 1. Let g be z(3). Let v = 84 - 75. Let t = g - v. What is the units digit of t?
2
Let l be 1/(-3 - 62/(-20)). Let q = l - -10. What is the tens digit of q?
2
Let j(h) be the first derivative of -h**2/2 - 5*h - 1. Suppose 2*y + 4*s + 23 + 9 = 0, -2*y + s - 12 = 0. What is the units digit of j(y)?
3
Let n(d) = -d + 12. Let i be n(9). Suppose -i*l + 18 = 5*a, 0 = a + a + 3*l - 9. What is the units digit of a?
3
Suppose -5*m + 20 = -40. What is the tens digit of (-4)/24 - (-206)/m?
1
Let u = -22 - -4. Let g = -6 - u. What is the units digit of 2/(-8) - (-51)/g?
4
Suppose j + 2*j = 54. What is the tens digit of j?
1
Let f(z) = 8*z - 11. What is the units digit of f(2)?
5
Let a be -3*((1 - 4) + 2). Suppose -a*l + s = -2 - 8, 0 = 2*l + 5*s - 1. Suppose 5*y = l*j + 61, -8 - 4 = -4*j. What is the tens digit of y?
1
Suppose -340 = -0*z - 5*z. What is the tens digit of z?
6
Let m be ((-4)/(-6))/(4/(-18)). What is the units digit of 4 - m/(-6)*-2?
5
Let v(i) = -i - 1. Let l(y) = -y**3 + 4*y**2 - 6*y + 2. Let d(f) = l(f) - 4*v(f). Let z be d(4). Let x(m) = -5*m - 2. What is the units digit of x(z)?
8
Suppose -x = -5*k + 9 - 26, -4*x = 4*k + 52. Let i = 12 + x. Suppose 5*z = -25, 3*j + 16 = -z - i*z. What is the units digit of j?
3
Let u(q) = -q**3 - 3*q**2 + q - 3. Let b = 4 - 8. What is the units digit of u(b)?
9
Let b(r) = -r**3 - r**2 + 1. What is the units digit of b(-4)?
9
Let z(h) = -h**2 - 5*h - 6. Let l be z(-5). Let k be 2/l - (-16)/12. What is the units digit of 1 + (2 - k) + 3?
5
Suppose 834 + 162 = 12*f. What is the tens digit of f?
8
Suppose v = 3*v + 8. Let y be (-9)/v*40/(-3). What is the units digit of ((-4)/10)/(3/y)?
4
Let q = -186 + 299. What is the tens digit of q?
1
Let p(o) = o - 4. Let a(m) = -2*m - 2. Let n be a(-4). What is the units digit of p(n)?
2
Let h be 3 + -3 + 1 + 4. Suppose -h*b = -13 + 3. What is the units digit of b?
2
Suppose -2*u + 3 = 41. Let f = -11 - u. What is the units digit of f?
8
Let l(d) be the third derivative of d**3 + 7/24*d**4 + 0*d - 1/60*d**5 + d**2 + 0. What is the units digit of l(7)?
6
Let c be (-6)/(-5)*(-20)/8. Let s(o) = -4*o + 1. What is the units digit of s(c)?
3
Let s(z) = 28*z + 13. What is the units digit of s(6)?
1
Let x(k) = -14*k + 11. What is the tens digit of x(-3)?
5
Let l(o) = -6 - o + 6 + 8 + 1. What is the units digit of l(6)?
3
Let g = -2 - -4. Let m(d) = d**3 + d**2 - d. What is the tens digit of m(g)?
1
Suppose 0 = -3*t + 1 + 8. Suppose -t*w = 5*o - 31, -4*w + w - o = -47. What is the tens digit of w?
1
Let o(z) = z**3 + 8*z**2 + 7*z + 2. Let l be o(-7). What is the units digit of (10 - 0 - l)*1?
8
Let a = -4 + 6. Suppose 0 = -a*t + 5 + 7. Suppose -t*h = -3*h - 15. What is the units digit of h?
5
Suppose -a = -3*n + 2, -4*a - 5*n + 13 = -13. Suppose -b + 12 = a*r, b - 4*r + 24 = 3*b. What is the units digit of 329/42 + 2/b?
8
Let q(g) = -31*g - 2. Let z be -3 + (9 - 3)/3. What is the units digit of q(z)?
9
Suppose 3*o + 2*f = 15, 3*o + 4*f - 33 = -12. Let v = o - 2. Suppose 2*y - v - 1 = 0. What is the units digit of y?
1
Let x be 12/(-2)*1/(-2). Suppose 0*f = 5*u - 5*f - 10, 5*f + 2 = x*u. What is the units digit of u?
4
Let q(d) = d**3 - 8*d**2 - 9*d + 3. Let f be q(9). What is the units digit of 16/(-12)*f/(-2)?
2
Suppose -88 = -7*c + 3*c. Let l be (-4)/c + 64/(-11). What is the units digit of l/(-4) - 15/(-2)?
9
Suppose 2*r + 2*t = -2, 0 = 4*r - t + 2*t - 8. Let m(u) = u**3 - 4*u**2 + 3*u + 3. Let f be m(r). Suppose -4 = -f*d + d. What is the units digit of d?
2
Let q(j) = j**2 - 4*j + 14. Let s be q(6). Let m = 78 - s. What is the tens digit of m?
5
What is the hundreds digit of 320/2 - -1 - 2?
1
Suppose 3*a - 4 = -3*t - 1, -5*t - 16 = -2*a. Suppose -15 = -g - a*s, 2*g + 4*s + 6 = 30. What is the units digit of (-37)/(-7) + g/(-21)?
5
Let b be 0*(-1 + 2) + 8. Suppose 5*r = -z + b, -6 = -z + 5*r + 12. Suppose -5*y + 35 = 5*s, 5*s - 36 = -y - z. What is the units digit of y?
3
Suppose -w + 43 = 5*d, -4*d + 3*w + 15 = -d. Let v(l) = l**2 - 4*l + 7. Let c be v(d). Suppose -3*z - 9 = -0, 0 = 4*r + 3*z - c. What is the units digit of r?
2
Let i be 148 + -1 + (-10 - -13). Suppose 3*r - 8*r + i = 0. What is the units digit of r?
0
Let c(l) = -l**3 + 6*l**2 + 2*l - 4. What is the units digit of c(6)?
8
Suppose -p = -4*g + p + 530, -p + 140 = g. What is the tens digit of g?
3
Suppose -14*m = 48 - 3128. What is the tens digit of m?
2
Let a = 0 - -2. What is the units digit of 3 + (1 - (a - 5))?
7
Suppose -2*j = -3*m - 122, -7*j - 3*m + 213 = -4*j. What is the tens digit of j?
6
Suppose 2*i - 1 + 3 = 0. What is the units digit of 3/3*18 - i?
9
Let w = 6 + 12. Suppose f - 10 = -0. Let n = w - f. What is the units digit of n?
8
Let p(w) = -w + 4. Suppose 0 = -3*h + 2*q + 60 - 9, q - 57 = -4*h. Suppose -2*x - a = 16, -2*x - 4*a = -x + h. What is the units digit of p(x)?
1
Let f(q) = -2*q**3 - 4*q**2 + q + 7. What is the tens digit of f(-3)?
2
Let q = -2 - 1. Let d be (1/q)/(5/(-15)). Suppose 3*w + d = 4. What is the units digit of w?
1
Let p = 8 - 3. Suppose 4*c + c - 3*w = 17, -c = -w - p. What is the units digit of c?
1
Let m = 17 - -27. What is the units digit of m?
4
Let i = -31 + 53. Suppose 0 = a - 2 - i. What is the units digit of a?
4
Suppose -t + i = -0*i - 29, 0 = 5*t + 2*i - 152. What is the units digit of t + 0 - (-2)/1?
2
Let w(v) = v**2 - 5*v + 4. Let a(f) = -f**3 + 4*f**2 - f - 2. Let x be a(2). Let q be w(x). What is the units digit of 1 + (2 - (q + 1))?
2
Let l = 5 - 0. Suppose -4*b = l*f - 101, 2*b = 3*f + 6*b - 67. What is the tens digit of f?
1
Suppose -o - 16 = -0*o. Let b = 31 + o. Suppose -3*q + 0*q + b = 0. What is the units digit of q?
5
Let q(p) = p**3 + 4*p**2 - 4*p + 6. Let j be q(-5). Let o be ((-1)/(-2))/(j/(-6)). Let d = 2 - o. What is the units digit of d?
5
Suppose 8*z = 4*c + 4*z - 216, -3*c + 192 = 3*z. What is the tens digit of c?
5
Let x = 30 - 85. Let v = -33 - x. What is the units digit of v?
2
Let k be ((-129)/(-3))/1 - 1. Suppose -s + k = -9. What is the units digit of s?
1
Suppose 4*n - 12 = -0*n. Let k = n - 4. What is the units digit of -2*(-2 - k/2)?
3
Suppose 1 = 2*i - 3. What is the tens digit of 15 + i/(6/9)?
1
What is the tens digit of (-438)/(-15) + (-3)/15?
2
Let c(x) = 8*x**2 + x + 2. What is the tens digit of c(2)?
3
Let r = 250 + -62. What is the tens digit of r?
8
Suppose 2*o - 84 + 4 = 0. Let f = -14 + o. What is the units digit of f?
6
Let u = 1 + 6. Let s(o) = -o**3 + 8*o**2 - 5*o + 16. What is the tens digit of s(u)?
3
Let q(o) = -o. Let r(c) = 2*c - 1. Let j(i) = 3*q(i) + r(i). What is the units digit of j(-5)?
4
What is the units digit of ((-3)/6)/(2/(-324))?
1
Let w be (1 + 1)*3/2. Suppose -w*d + 44 - 6 = 2*u, 4*u - 76 = 5*d. What is the tens digit of u?
1
Let f(n) = -3*n**3 - 2*n**2 - 2*n - 1. Let c be f(-1). Suppose 6 = c*m - 10. Suppose 0 - m = -4*p. What is the units digit of p?
2
What is the tens digit of (-22)/(-5)*(-9 - -29)?
8
Let o = 5 + 1. Let q be (6/4)/((-3)/o). What is the units digit of 1/((9/(-3))/q)?
1
Suppose -11*o + 7*o = -92. What is the units digit of o?
3
Let n = -28 - -48. Let d = 23 - n. What is the units digit of d?
3
What is the tens digit of -285*((-16)/6)/8?
9
Let n(y) = y**2 + y. Let d(q) = 20*q**2 + 4*q - 1. Let i(f) = d(f) - 6*n(f). What is the tens digit of i(-1)?
1
Let a(p) = 79*p**2 + 4*p - 9. What is the units digit of a(2)?
5
Let c = 8 + -5. Let d = -14 - -32. Suppose -6*m + d = -c*m. What is the units digit of m?
6
Let b(d) = -d + 1. Let n be b(-4). Suppose 0*k - k = n*i - 25, -3*k + 43 = -i. What is the units digit of k?
5
Let i(z) be the first derivative of -z**2/2 + 14*z - 2. Let o be i(9). Suppose -4*m + 4 = o*s, 0 = -4*m - s - 3*s + 8. What is the units digit of m?
6
Let z be -4*2*(-4)/8. Suppose -c + 22 = 2*y, -z*y + 24 = -2*c - 20. What is the units digit of y?
1
Suppose -10 = -4*u + 234. What is the units digit of u?
1
Let w = 146 - 60. What is the units digit of w?
6
Suppose 3*g - 38 = 2*g. Suppose i = -i + g. What is the units digit of i?
9
Let i = 9 + 1. What is the units digit of i?
0
Let x(l) = l**2 + l + 27. What is the tens digit of x(0)?
2
Let y(j) = 